rime factors of b?
2, 409
Let o = 2058 - 1293. What are the prime factors of o?
3, 5, 17
Let l(a) = -2*a - 9. Let c be l(-6). Suppose 70 = -2*k + 7*k - n, -c*n - 70 = -5*k. Suppose 0 = -4*s + k + 118. What are the prime factors of s?
3, 11
Let f(q) = -q**3 + 5*q**2 - 6*q + 2472. List the prime factors of f(0).
2, 3, 103
Suppose 0 = 2*a - 125 - 43. Let x = a - -22. What are the prime factors of x?
2, 53
Let m = 6 - 23. Let q(r) = r**3 + 17*r**2 - 5*r + 10. Let n be q(m). Suppose 6*z - z - n = 0. What are the prime factors of z?
19
Suppose -18*b + 20*b = -3*p + 2309, 2*p - 2*b = 1546. List the prime factors of p.
3, 257
Let q = -10 - -16. Let j = q - 5. List the prime factors of 30*1 + 3/j.
3, 11
Let n(s) = -4*s - 15. Let j be n(-5). Suppose 0 = -6*h + j*h - 2*z + 248, -3*h + 4*z = -754. What are the prime factors of h?
2, 5
Suppose 4*b = -4*r + 992, 0 = -3*r + b - 3*b + 743. List the prime factors of r.
13, 19
List the prime factors of (1*9/(-4))/((-8)/3296).
3, 103
Suppose -3*x - 2*x = 0. Suppose 0 = -s + 4*b + 30, -270 = -5*s - x*b - 4*b. Suppose 38 = -5*p - 4*z + 126, 3*p + z - s = 0. What are the prime factors of p?
2
What are the prime factors of 8/24 - (-6 + (-7178)/3)?
2399
Suppose 5 = -l - 1. What are the prime factors of 3/l*-2 + 35?
2, 3
Let o(r) = 2*r + 6. Suppose 0 = -5*f + i - 26, -f = -5*i - 6 - 8. Let k be o(f). What are the prime factors of 5*(1 - 2)*k?
2, 3, 5
Let h = -437 + 662. What are the prime factors of h?
3, 5
Let f = -439 + 985. What are the prime factors of f?
2, 3, 7, 13
Suppose 0 = 5*m + 96 - 311. Suppose 5*v = 3*k - 142, 2*k = -5*v + 4*k - 138. Let o = m + v. What are the prime factors of o?
17
Let w be 405 + 3/(12/(-4)). Let i be (-3)/(-15) - w/(-5). Suppose -1 = s - 4*y, 0*s - 4*s = y - i. List the prime factors of s.
19
Let a be 218/(-6) - (-2)/(-3). Suppose 0 = -3*k + 3*i - 159, -3*k - 2*i + 7*i - 161 = 0. Let l = a - k. What are the prime factors of l?
3, 5
Let b(o) = o**3 + 3*o**2 - 5*o. Let m be b(-4). Suppose -m*t = 2*v - 8*t - 70, -3*v + 83 = 5*t. What are the prime factors of v?
31
Suppose 252 = 7*f - 0*f. Suppose 0 = 5*j - o - f + 4, -5*j = 3*o - 44. What are the prime factors of j?
7
Suppose 3*a + 2*t - 14 = -a, -a + 6 = 3*t. What are the prime factors of 423*(-1)/(-4) - a/(-12)?
2, 53
What are the prime factors of (-50)/(-3)*264/8?
2, 5, 11
Let c(p) = 5*p**3 - p**2 + 27*p - 23. What are the prime factors of c(7)?
2, 229
Suppose -110 = 21*l - 12752. What are the prime factors of l?
2, 7, 43
Let f = 48 + -21. Let j = f + -15. Suppose -j = -c - 5. List the prime factors of c.
7
Suppose f - 1 = -4. Let n(g) = -3*g**3 + g - 3. Let i be n(f). Suppose -4*d + i = d. List the prime factors of d.
3, 5
Let n(u) = 7*u**3 + 4*u**2 + 6*u - 4. Let h(q) = -6*q**3 - 4*q**2 - 5*q + 3. Let w(b) = 6*h(b) + 5*n(b). List the prime factors of w(-6).
2, 5, 7
Let y = 5 - 3. Suppose 4*u - 3*w = -8, -3*u - 2 = -y*u - 2*w. List the prime factors of 2 + (u + -1 - -4).
3
Let u be -15 - (2 + -2)/1. List the prime factors of (145/u)/(1/(-3)).
29
Let b(p) = 2*p + 11. Let o be b(5). Suppose -g + 60 = -o. Suppose g = 3*q - 3. List the prime factors of q.
2, 7
Suppose -12*t + 10*t + 1408 = 4*u, 5*t + 4*u - 3550 = 0. What are the prime factors of t?
2, 3, 7, 17
Let g(t) = 52*t - 71. What are the prime factors of g(20)?
3, 17, 19
Suppose 8*p - 31 - 33 = 0. What are the prime factors of (-6)/p + (-815)/(-20)?
2, 5
Suppose -48*a + 35553 = -27*a. List the prime factors of a.
1693
Let a = -15 - -13. Let v be (a/3)/((-2)/3). List the prime factors of v/2 - (-100)/8.
13
Let v = -1115 + 1207. List the prime factors of v.
2, 23
Let f = 188 - -1190. Suppose 3*r = -10*r + f. List the prime factors of r.
2, 53
Let j(y) = 2*y**2 - 6*y + 12. Let z be 1/(3/15*1). Let r be j(z). Suppose -r - 116 = -4*f. What are the prime factors of f?
37
Let h(r) = -r**2 - r + 1. Let t(g) = -g**3 + 4*g**2 + 3*g - 7. Let v(j) = h(j) + t(j). Let o be v(3). List the prime factors of 3 + (o - -1) - -5.
3
Suppose 0 = 2*u - 7*k + 3*k, -4*k = 3*u. Suppose u = -2*r + 5 + 3. List the prime factors of (r/(-5))/(10/(-325)).
2, 13
Suppose -3*l + 8*l - 30 = 0. Let o(g) = -g**3 + 6*g**2 + 2*g - 9. What are the prime factors of o(l)?
3
Let y be (-2 + 7/2)/((-45)/1380). Let o = -6 - y. What are the prime factors of o?
2, 5
Let j(t) = 6*t**2 - 2*t - 5. Suppose 2*n + q = 44, 5*q + 27 + 33 = 4*n. Let x = 17 - n. List the prime factors of j(x).
5, 11
Let s(y) = -5*y - 1. Suppose 0*w = -4*w - 4. Let j be s(w). Suppose -5*q + j = -6. What are the prime factors of q?
2
Let t = 6 + -31. Let i = t + 36. List the prime factors of 1*-62*i/(-22).
31
Let f(q) = -278*q - 4. List the prime factors of f(-5).
2, 3, 7, 11
Let q(u) = u**2 - 48*u + 61. List the prime factors of q(47).
2, 7
Let x = -1167 + 3607. List the prime factors of x.
2, 5, 61
Let b(i) = i**3 - 33*i**2 + 32*i + 177. What are the prime factors of b(33)?
3, 137
Let r = 1074 - 557. List the prime factors of r.
11, 47
Let a = -28 + 28. Suppose a = -24*k + 23*k + 58. What are the prime factors of k?
2, 29
Let f(l) = 3*l + 2. Let d(k) = k**3 + 8*k**2 - 10*k - 1. Let r be d(-9). What are the prime factors of f(r)?
2, 13
Suppose 3*n + 2*n + 46 = w, 0 = -2*w + 4*n + 80. Suppose -a - 3*a + w = 0. What are the prime factors of a?
3
What are the prime factors of (146/10 + -8)/((-2)/(-240))?
2, 3, 11
Suppose 5*t = -5*b + 595, 0*b - 3*b + 2*t + 357 = 0. What are the prime factors of b?
7, 17
Suppose -9*d + 33152 = 7*d. List the prime factors of d.
2, 7, 37
Suppose 452 + 12249 = 13*f. List the prime factors of f.
977
Let q = 19 - 8. Let c = q + -9. Suppose -20 = c*k - 74. List the prime factors of k.
3
Let s(p) = -p**2 + 10*p - 12. Let k be s(8). Suppose -5*h - k*q = -30, -4*q + 31 = 3*h + q. Suppose a - 72 = -h*a. List the prime factors of a.
2, 3
Let c(l) = 41*l - 12. Let d be c(6). Suppose 0 = -4*w + 5*o + 214, 4*w + 0*w + 5*o - d = 0. What are the prime factors of w?
2, 7
Let u(c) = 17*c + 257. List the prime factors of u(33).
2, 409
Suppose 0 = -w + 326 - 68. What are the prime factors of w?
2, 3, 43
Suppose 2*j + y - 2*y + 273 = 0, -4*y = -4*j - 540. Let r = -47 - j. List the prime factors of r.
7, 13
Let w = 9105 + -4895. What are the prime factors of w?
2, 5, 421
Let h(j) = j + 517. Let z be h(0). Let a = z + -319. List the prime factors of a.
2, 3, 11
Let i(r) = r**3 + 10*r**2 - 12*r - 11. Let q be i(-11). Suppose -69 = -3*v - q*v. List the prime factors of v.
23
Let x(r) = r**3 + 12*r**2 + 12*r + 14. Let f be x(-11). Suppose 2*j - k = 49, f*j - k = -2*j + 115. List the prime factors of j.
2, 11
Suppose 31 = p - g, -4*p + 2*g + 124 = 4. Let w = p - -27. List the prime factors of w.
2, 7
Let b be ((-4)/3 - -2)/((-6)/(-27)). Suppose b*c + 3*u - 462 = 0, -c - 2*c + 5*u + 502 = 0. List the prime factors of c.
3, 53
Let n = -311 - -530. List the prime factors of n.
3, 73
Suppose -20*o - 4949 = -27*o. What are the prime factors of o?
7, 101
Suppose 8*q - 6*q + u = 1280, q - 3*u = 640. What are the prime factors of q?
2, 5
Let a(h) = h + 7. Let s be a(-8). Let l(z) = -z**2 - 1. Let n(j) = 6*j**2 + 2*j + 10. Let b(t) = s*n(t) - 8*l(t). List the prime factors of b(2).
2
Let q(g) = -g**3 - 5*g**2 + 2. Let z be q(-5). Suppose -z*v = -26 - 12. Suppose v = -0*i + i. What are the prime factors of i?
19
Suppose -19 + 7 = -3*a. Suppose a*h = 10*h - 108. What are the prime factors of (-1 - h)/((-2)/6)?
3, 19
Suppose h + 2 + 4 = -2*z, 5*z + 22 = h. Suppose 3*b + h*d = -0*b + 611, -2 = d. List the prime factors of b.
5, 41
List the prime factors of (-8)/6 - 4944/(-9).
2, 137
Let n(j) = 1884*j + 24. List the prime factors of n(1).
2, 3, 53
Suppose 5*a + 5*h = 55, 6*h = 3*a + 3*h - 39. Suppose 2 = -5*p + a. Suppose 0 = -4*o + p*o + 146. What are the prime factors of o?
73
Let v(u) = -9*u**3 - 10*u**3 - u**2 + 18*u**3 + 58. What are the prime factors of v(0)?
2, 29
Suppose -5*h - 1130 = 4*t, -1 = -2*t - 11. Let o = -143 - h. Suppose -2*q + c = 3*c - 148, q - 4*c = o. List the prime factors of q.
3, 5
Let d(h) = -4*h**2 + 8*h + 9. Let b(p) = 9*p**2 - 16*p - 18. Let q(x) = 6*b(x) + 13*d(x). List the prime factors of q(-6).
3, 11
What are the prime factors of (-2)/28*-2 - 77055/(-105)?
2, 367
Suppose -4*k - 3*u = -116, k - 116 = -3*k - 2*u. Let l = -25 + k. Su